Let o be ((-1)/(-3))/(1/6). Let z be (-7)/(-2) + o/4. Suppose z*l = 3*l + 20. Calculate the greatest common divisor of l and 10.
10
Let d be 1 + -1 + 1 + 1. Let f(q) = q**3 + 8*q**2 + 4*q - 5. Let v be f(-7). Calculate the highest common divisor of v and d.
2
Let d(k) = -k**3 + 7*k**2 - 5*k + 3. Let m(o) = o + 13. Let y be m(-8). Suppose 0 = 3*h - 23 + y. Let s be d(h). What is the greatest common factor of s and 1?
1
Suppose 4*c - 15 - 17 = 0. What is the highest common factor of c and 4?
4
Let i = 58 + 113. What is the greatest common divisor of i and 19?
19
Let i = 8 + -5. Let b be 122/i*(-2 + 5). Let m be b/18 + 4/18. What is the highest common divisor of m and 28?
7
Let h(s) = -4*s - 6. Suppose -t = -0 + 4. Let a be h(t). Calculate the highest common factor of a and 50.
10
Let h be ((-11)/2)/(1/(-16)*1). Calculate the highest common divisor of h and 11.
11
Suppose -2*o = -5*z + 17, -z - 8 = -4*o + 3. Suppose o*b + 133 = 441. Suppose 0 = -3*j + 3, b = 2*n + n - 4*j. Calculate the greatest common factor of n and 18.
9
Suppose 4*k - 42 = -6. Calculate the greatest common factor of 36 and k.
9
Suppose -122 - 318 = -4*c. Let n be 1/((-1)/(-11)*1). Calculate the greatest common factor of c and n.
11
Let c be (3 - (1 + 1))*2. Let a be (80/6 + c)*3. Let o = 94 - a. What is the greatest common divisor of o and 6?
6
Let l(i) = -i**3 - 15*i**2 + 3. Let j be l(-15). Calculate the highest common divisor of j and 9.
3
Let c = 210 - 122. Calculate the highest common divisor of 8 and c.
8
Suppose 0 = -6*u - 2 + 14. Suppose -5*a - 35 + 120 = 0. Suppose 3*i - a = 7. What is the greatest common factor of u and i?
2
Suppose 0*r - 280 = -4*r. Let o be (-42)/(-2 - (-1)/2). Calculate the greatest common factor of r and o.
14
Suppose 6*x + 30 = 7*x. Calculate the greatest common factor of 20 and x.
10
Suppose -3*x = -x - 16. Let k(w) = 5 + 2*w + 1 + 20*w**2 - 8. Let u be k(1). What is the greatest common divisor of x and u?
4
Let k be (-10)/(-2) - 0 - 0. Calculate the highest common factor of 5 and k.
5
Let h = 5 - -31. What is the highest common divisor of h and 18?
18
Suppose -2*x + 3*x - 1 = -o, -x + 5*o = -25. Let r be ((-1 + 0)*3)/1. Let k(y) = -4*y - 2. Let a be k(r). What is the highest common divisor of x and a?
5
Suppose -5*a + 57 = 2*j, 5*j - 3*a - 54 - 11 = 0. What is the greatest common factor of 16 and j?
16
Let j(f) = 10*f**2 + f - 2. Let o be j(2). Let z(r) = -r**2 - 5*r + 2. Let t be z(-5). Suppose 6 = t*i - 4. What is the greatest common divisor of i and o?
5
Let u = 45 + 6. Suppose 3*w - 11 = -q, 2*q = -2*w - 4 + 14. Let z be (9/(-3))/(w/(-34)). Calculate the highest common divisor of u and z.
17
Let c be (1/(-1))/((-2)/(-62)). Let m = c + 61. Let z be ((-252)/(-15))/(9/m). Calculate the highest common factor of 7 and z.
7
Suppose 0 = 2*i - i + 5*s - 17, -s + 16 = 2*i. Suppose 4 = -4*m, 11 = 2*o - 2*m + i*m. Calculate the greatest common factor of 12 and o.
4
Let a = 998 - 678. Calculate the highest common factor of a and 32.
32
Suppose 0 = -5*r - 3*u + 25, -17 = -4*r + 2*u + 25. What is the greatest common factor of 24 and r?
8
Let z(a) = a**2 - a - 9. Let d be z(4). What is the greatest common divisor of d and 51?
3
Let t(i) = 8*i - 1. Let d be t(1). Let l(v) = -v - 1. Suppose -u = -2*g + g + 12, 4*g + 8 = -3*u. Let x be l(u). Calculate the highest common factor of d and x.
7
Suppose -4*f = -20, 5*o - 20 = 4*f + 15. Calculate the greatest common divisor of 77 and o.
11
Let i be (1 + 1 - -7) + 1. Suppose i*h = 6*h + 12. What is the highest common divisor of 30 and h?
3
Let a be 3 + (2/4 - 693/(-6)). Calculate the highest common factor of 7 and a.
7
Let t = 237 + -107. What is the greatest common divisor of 10 and t?
10
Suppose 0 = -2*l, -4*b + 2*b - l + 50 = 0. What is the greatest common factor of b and 15?
5
Let f be 3/12 - (-158)/8. Let z be (f/8)/((-2)/(-4)). Suppose 70 + 105 = z*g. What is the greatest common divisor of 5 and g?
5
Suppose 2*b - 62 = -2*t, 4*b - 4*t - 41 - 75 = 0. Suppose 2*q - 176 = -4*n, 5*q + 55 = -n + 2*n. What is the highest common divisor of n and b?
15
Let b(g) = -5*g - 3. Let v be b(-3). Let t(l) = l + 7. Let x be t(9). Let j be 12/(1 - x/18). What is the highest common divisor of v and j?
12
Suppose 0 = 2*z - 2*v - 40, 3*z + 0*v + 3*v = 36. Calculate the highest common factor of 56 and z.
8
Let y = 76 - 31. Let l be -2 + 2 + (1 - 1). Suppose -2*q + l = -10. What is the highest common factor of y and q?
5
Let a be (4/(-6))/((-5)/30). Suppose a*v - 460 = 80. Suppose v = 4*t + t. What is the greatest common divisor of t and 18?
9
Let h(j) be the first derivative of 2*j**3/3 + 3*j**2/2 + 7*j - 7. Let p be h(5). Calculate the greatest common divisor of p and 9.
9
Let q be 1/4 - (-99)/(-12). Let w be 50/4*q/10. Let t be (72/5)/((-2)/w). What is the highest common factor of 12 and t?
12
Let g = -83 - -174. What is the highest common factor of g and 13?
13
Let w be 2/(-2*(-5)/95). Calculate the greatest common divisor of w and 209.
19
Let c(v) = 4*v**2 - 1. Let b be c(-1). Suppose 2*g + b*g = 55. Suppose -4*s + 30 + 58 = 0. What is the greatest common factor of s and g?
11
Suppose 0*w = 2*w - 20. What is the greatest common divisor of w and 4?
2
Suppose 0 = 4*r - 16. What is the highest common divisor of 4 and r?
4
Suppose -3*f = 3*h - 33, -113 + 44 = -4*f + h. Let i = 25 - f. Calculate the highest common factor of i and 27.
9
Let g be 66/8 - (-3)/(-12). What is the highest common factor of 88 and g?
8
Let j = -10 + 11. Calculate the highest common divisor of 1 and j.
1
Let i(b) = b**2 + 3*b - 1. Let y be i(2). Calculate the highest common factor of 81 and y.
9
Suppose -t + 16 = 2*g - g, -4*t = -3*g + 20. Let w = 7 - -11. Let k be (1 + 7)*w/12. What is the greatest common divisor of k and g?
12
Let o be 3764/20 - (-2)/(-10). Suppose 3*x - 244 - o = 0. What is the highest common factor of x and 16?
16
Let j(k) be the first derivative of -2*k**3/3 + k**2/2 - k - 1. Let s be j(1). Let u = 13 + s. What is the highest common divisor of 11 and u?
11
Let p(c) = c**3 + 6*c**2 + 4*c + 1. Let z = -6 + 11. Let w = z + -10. Let b be p(w). What is the greatest common factor of 6 and b?
6
Let f be (4/4)/(0 + -1). Let p be 1353/15 - f/(-5). What is the greatest common factor of 36 and p?
18
Let n = -87 - -295. What is the greatest common factor of n and 13?
13
Suppose 5*k + 3 = 28. Suppose 5*g - 4*v - 121 = 0, 3*g - 46 = g + 4*v. What is the greatest common divisor of g and k?
5
Let a be 18*(4/6)/1. Calculate the greatest common divisor of a and 108.
12
Let r(g) = g**2 - 8*g + 70. Let i be r(0). Calculate the highest common factor of i and 10.
10
Suppose -3*k - 5*o = 1, -3*o + 4*o - 7 = -3*k. Suppose -k*x + l + 71 = 2*x, 2*l - 23 = -x. What is the highest common factor of x and 105?
15
Suppose d - 5 = -1. Suppose -d = -2*o + 4. Suppose -o*k + 6 = i - 24, -5*k - 4*i + 43 = 0. Calculate the highest common factor of 7 and k.
7
Let p(c) = -c**2 + 9*c - 4. Let m be p(6). Suppose 7*g - 2*v = 4*g + 14, -2*v = 4*g - m. Calculate the greatest common divisor of 32 and g.
4
Let f(y) = y**2 - 3*y - 6. Let o be (-2)/(-8) + 15/20. Let v be (6 + -2 + 1)*o. Let l be f(v). What is the greatest common divisor of l and 44?
4
Let d(t) = -t**3 + 5*t**2 - 2*t - 4. Let a(z) = z**3 + 6*z**2 - z - 2. Let j be a(-6). Let f be d(j). What is the highest common factor of 16 and f?
4
Suppose -35 = -3*a - 11. Let s be (2 + -200)/((-1)/1). Let t = s - 118. What is the highest common factor of t and a?
8
Let h be (-10)/((-3 + 5/2)*2). Calculate the highest common divisor of h and 25.
5
Let t = 169 + -84. What is the highest common divisor of 17 and t?
17
Suppose -t - 6 = -62. Let f(s) = 3*s - 10. Let n be f(6). What is the greatest common factor of t and n?
8
Suppose 0*t + 54 = t. Suppose 0 = m + 2*m - t. What is the highest common divisor of m and 9?
9
Let g be 2/4 - ((-74)/4 + -2). What is the greatest common divisor of 14 and g?
7
Let y(t) = 2*t + 14. Suppose 6*n = 10*n. Let d be y(n). Calculate the greatest common divisor of 7 and d.
7
Suppose 0 = 10*w - 16*w + 528. What is the highest common divisor of w and 8?
8
Suppose 0 = -2*r + 2*k + 531 - 151, -5*r + 947 = -2*k. Calculate the greatest common divisor of 21 and r.
21
Let a(h) = h**3 - 5*h**2 + 2. Let l be 